3 + 5*w + 2*w**2 - 4*w - 3*w**2. Is d(v) prime?
True
Suppose -2 = g - 5. Suppose 0*k = -3*k + 2*p + 49, g*p = 2*k - 36. Is k a prime number?
False
Suppose -w + 8 = -5*w. Is 17*(-2)/w - -2 a composite number?
False
Suppose 56 = 3*l - 61. Is l a composite number?
True
Let g be (-1 + 2)/((-4)/28). Let h(j) = j**2 + 4*j - 1. Let u be h(g). Let k = -5 + u. Is k a composite number?
True
Let l(j) = -38*j + 5. Let h be 6/2 + -3 + -3. Is l(h) prime?
False
Suppose 2 = -4*h + n - 1, 3*h + 21 = -3*n. Let f be ((-10)/(-15))/(h/(-9)). Is ((-1)/f)/((-1)/147) a composite number?
True
Suppose 3*g + 379 = -5*p, -4*g = -p + 628 - 92. Let a = g + 226. Is a a composite number?
True
Suppose 447 = 135*i - 132*i. Is i a composite number?
False
Let j(b) = -b - 1. Let u be j(5). Let i(k) = -5*k + 12 - 5 + 0*k. Is i(u) a prime number?
True
Let i be -3 + 15 - 1*2. Is 2/2*(-3 + i) a prime number?
True
Let j = 122 + -181. Suppose 25 = -5*g, -27 = 2*y - 0*g + 3*g. Let v = y - j. Is v prime?
True
Suppose -4*r + 12 = 3*g, 0 = -3*r - 2*r + 5*g + 15. Suppose 0 = -0*z - r*z - 18. Let l = 17 + z. Is l a prime number?
True
Let z(l) be the first derivative of l**3 + 15*l**2/2 + 13*l - 2. Is z(-11) prime?
True
Let i = -278 - -192. Let v = i + 139. Is v composite?
False
Let f(j) = 10*j**2 - 4*j - 1. Let i be 6/(-8)*(-16)/(-4). Let h = 6 + i. Is f(h) a composite number?
True
Suppose 551 = z + 178. Is z a composite number?
False
Let i be (-4 - -1)*-1 + 59. Let l = i + -29. Is l a composite number?
True
Suppose 0 = -4*l - 16, -k - 3*k - 12 = 5*l. Let n be ((-3)/9)/(k/(-2286)). Suppose 6*d - 3*d = n. Is d a composite number?
False
Let d(c) = 45*c - 2. Let i(o) = -23*o + 1. Let k(j) = 3*d(j) + 7*i(j). Is k(-6) prime?
True
Let a = -65 - -96. Is a a prime number?
True
Suppose 5*q - 3*t = 2741, -4*t - 1638 = -2*q - q. Let j be (-1)/(-2) - q/20. Is (-1857)/j - 2/(-9) a composite number?
True
Let q be -2*26/8*-10. Suppose -89 = -2*u + q. Is u a prime number?
False
Suppose -4*k - 2*x + 24 - 2 = 0, 2*x = -3*k + 18. Suppose -k*t - 2*o + 86 = 0, 3*t = -4*o - 0*o + 77. Is t a prime number?
True
Suppose 1653 - 336 = 3*u. Is u a prime number?
True
Suppose 5*h + 5*y - 1510 = 0, 5*y + 1588 = 5*h + 108. Is h composite?
True
Suppose -4*q + 2037 + 676 = d, -2049 = -3*q + 4*d. Is q prime?
False
Let l = -1 - -4. Suppose 0 = -l*c + 5*a - 46, -a = -1 + 2. Let y = 36 + c. Is y composite?
False
Suppose 3*q = 3*h - 3018, -1010 = -h - 5*q + 2*q. Is h composite?
True
Suppose 3*a + 0*a = 6. Suppose 5*d = i + 797, -4*d - d - i + 803 = 0. Suppose h = y - 41, 4*y = a*h + h + d. Is y composite?
False
Let t(x) be the first derivative of -45*x**2 - x - 1. Is t(-1) composite?
False
Suppose 5*s = 4*u + 6, u - 3*s + 1 = -4. Let c(i) = 0 + u - 21*i - 5. Is c(-3) prime?
True
Let n be 1/((-3)/18*1). Let c be (n - -2) + 2 + 0. Is (2 - c)/(-2) + 25 prime?
True
Let b = -1072 - -2063. Is b composite?
False
Suppose -4*j = c - 508, -3*c + 127 = 3*j - 2*j. Is j a prime number?
True
Let a = 9 - 3. Suppose l - a = m + 30, -m + 26 = l. Is l prime?
True
Let z be 0 - (-5)/((-5)/63). Let x = z - -118. Is x composite?
True
Suppose 3*w + 4 = 13. Suppose -w*x = -235 - 14. Is x a prime number?
True
Suppose -2*h = -4*p + 2042 - 408, 2029 = 5*p + 2*h. Is p prime?
False
Let w = -16 - -31. Let s = -9 + w. Suppose -5*v + 40 = -p, 0 = -4*v + p - s*p + 61. Is v a prime number?
False
Suppose -5*k + 210 = -2*n - 1373, 313 = k - 4*n. Is k composite?
False
Let v(l) = 37*l - 8. Is v(7) a composite number?
False
Let v = -556 - -5289. Is v composite?
False
Suppose -2*j - 5*u + 950 = -j, 5*j - 2*u = 4777. Is j a prime number?
False
Suppose h - 3 + 4 = 0, -4*h - 24 = -5*f. Suppose -2*c + 70 = 2*t - 0*c, 0 = -f*t - 2*c + 140. Is t composite?
True
Suppose -5*i + 455 = 5*y, -3*i + 5*y + 67 = -2*i. Suppose s - 118 = i. Is s prime?
False
Suppose -59*u + 55*u = -1348. Is u prime?
True
Let g be 28/8 + (-1)/2. Suppose -2*r = g*r - 265. Is r a prime number?
True
Suppose 93 - 841 = -4*j. Is j a prime number?
False
Let n(m) = -m**2 - 6. Let d be n(-9). Is (-5)/2*(1 + d) a composite number?
True
Let a(c) = 10*c**3 - 9*c**2 + 6*c - 12. Is a(5) prime?
False
Let o = -29 - -57. Suppose 2*i = -3*l + 435, 0 = 2*l - 2*i - 262 - o. Is l prime?
False
Let q(g) = 4*g. Let h be q(-15). Suppose 20 = -0*i + 4*i, -f - 2*i - 153 = 0. Let w = h - f. Is w prime?
True
Suppose -57 = 2*z - 3*z. Is (-2 - -1*z) + 0 prime?
False
Suppose -2*k + 0*k + 65 = v, -5*v + 53 = 2*k. Is k a composite number?
True
Let p(s) = -s**3 + 2*s**2 - 3*s - 5. Let x be p(6). Let t = -118 - x. Is t a composite number?
True
Let s(z) be the first derivative of -z**4/4 - 4*z**3/3 + z**2/2 - 6*z - 1. Is s(-5) a prime number?
False
Suppose -8*l + 395 = -909. Is l a prime number?
True
Let a = 131 + -36. Is a prime?
False
Let l be (1 - 2 - -1)*-1. Suppose -3*b + 4*b = l. Suppose 5*n - 192 + 7 = b. Is n a composite number?
False
Let u be (2 - 3/6)*-2. Let j be (-8)/(2*u/(-18)). Let w = 35 + j. Is w prime?
True
Suppose 152 = 4*f - 0*f. Let h = -13 + f. Let q = h + -12. Is q prime?
True
Let i(p) = p**2 + 4*p + 2. Let s = -5 - -5. Suppose 4*g + 0*g - 20 = s. Is i(g) a composite number?
False
Let d = -5 - -9. Suppose -u = d*u + 5. Is (u + 3)*153/6 composite?
True
Let u = 4 + -2. Let o(d) = -d**3 + 6*d**2 - 7*d + 4. Let f be o(5). Is ((-127)/3)/(u/f) a composite number?
False
Suppose 4*b = -q + 113, 4*q - 435 = 2*b - b. Let z = q - 72. Is z prime?
True
Let i(b) = -9*b + 3. Let g be i(-9). Suppose 3*w = -g + 480. Suppose 2*n + 5*u = -2*n + w, -66 = -2*n - 2*u. Is n a composite number?
True
Is -2 + ((-42)/112 - (-10091)/8) composite?
False
Let a be (-3)/(-12) - (-15)/(-12). Is (-77)/a + 3 - 3 a prime number?
False
Suppose -5*d - c + 1582 = -848, 3*c = -d + 472. Is d prime?
True
Let r be (-3)/12*(-3 + -1). Suppose 4 + r = 5*a. Is 51/2 - a/2 a prime number?
False
Let h(a) = 13*a + 4. Let b = 10 + -7. Is h(b) a prime number?
True
Suppose 3*h - 1 = 4*q, 4*q + h = -0*q + 11. Let z be (7 - 1)/(3/q). Suppose 5*p - 165 = -o, -5*p = -o - z*o - 165. Is p prime?
False
Let c(m) = -2*m**3 + 3*m**2 + m. Let z be c(-2). Let v be (z/3)/(3/9). Let g = -15 + v. Is g a prime number?
True
Suppose 5*d = -z + 787, -3*z - 5*d = -2*d - 2385. Let o = z - 504. Is o prime?
True
Let t be (1341/6)/((-1)/(-2)). Suppose -k + 0*k + t = 0. Is k a prime number?
False
Let g(j) be the second derivative of j**3/2 - j. Let i be g(3). Is 5*(i/5 - -1) a composite number?
True
Let h be 43/(1/((-3)/(-1))). Suppose -2*a = 3*l - h, -2*a + a + 60 = 3*l. Is a prime?
False
Suppose 13*b = 4534 + 4371. Is b prime?
False
Let s(z) = -76*z - 3. Is s(-2) composite?
False
Let m be 2*-9*6/(-4). Let b = 184 - m. Is b a composite number?
False
Let r = -2 - -2. Is 1*(-2 + r)*-7 a composite number?
True
Suppose -3*v + 5*z - 19 = -v, v + 2*z = 13. Suppose 0 = 8*h - v*h - 60. Is 1436/h - (-4)/(-6) a prime number?
False
Suppose 5*g + 40 = 3*n, -3 = -2*g + 5*n - 0. Let j(r) = r**2 - r - 11. Let c be j(-7). Let b = g + c. Is b a composite number?
True
Suppose -5*o + 2275 = -4*p - 5036, -5*p + 2898 = 2*o. Is o prime?
True
Let c(h) be the second derivative of 13*h**4/4 - h**3/6 + h**2/2 + 3*h. Is c(1) composite?
True
Let q(s) = s**2 + 5*s + 2. Let x be q(-5). Let w(y) = y**2 - y + 3. Let d be w(0). Suppose x*p - 106 = b + b, -4*p = d*b - 212. Is p a prime number?
True
Suppose -2*c = -464 - 724. Suppose 0 = -0*g + 2*g - 4*d - 602, 2*d + c = 2*g. Is g a composite number?
False
Let u(r) be the first derivative of -r**3/3 - 3*r**2 - r - 2. Let k = 6 + -11. Is u(k) prime?
False
Let p = -377 - -562. Suppose -3*u - 2*u = -p. Is u composite?
False
Let f(x) = x**2 + 2. Let z be (-1)/((-2)/(2 - 0)). Let d = -1 - z. Is f(d) a prime number?
False
Let h(j) = -j**3 + 5*j**2 + 7*j - 3. Let c be h(6). Suppose 0*t + c*t = 4*x + 411, 263 = 2*t + x. Is t a prime number?
False
Suppose -5*c + 4*h = -737, -7*c - 5*h + 565 = -3*c. Is c prime?
False
Let s(q) = q**2 + 4*q - 6. Let h be s(-5). Let z be h*(-2 - -1) + 3. Suppose -3*r = -3*x + 69, z*r = -0*r. Is x composite?
False
Let y = 18 + -16. Let n(r) = 7*r**3 + 3*r**2 - 1. Is n(y) composite?
False
Let z(b) = b + 8. Let o be z(-6). Suppose o*m = -2*m + 220. Is m prime?
False
Let d(f) = -3*f**2 - 4. Let v be d(3). Let t = 82 + v. Is t a composite number?
True
Supp